Monthly Climatological Summary for April 2018
NAME: Cactus Wren CITY: Phoenix STATE: Arizona
ELEV: 1227 LAT: 033:57:21 LONG: 0112:13:60
TEMPERATURE ( °F), RAIN (in.), WIND SPEED (mph)
HEAT COOL AVG
MEAN DEG DEG WIND DOM
DAY TEMP HIGH TIME LOW TIME DAYS DAYS RAIN SPEED HIGH TIME DIR
--------------------------------------------------------------------------------------------------------
01 75.6 092.6 16:26 60.6 06:47 00.0 10.6 00.00 01.9 14.9 22:14 N
02 73.4 089.3 15:24 52.8 06:06 00.0 08.4 00.00 02.5 16.1 17:11 NNE
03 72.3 088.7 15:47 54.8 06:40 00.0 07.4 00.00 01.1 13.8 15:49 ENE
04 72.5 089.3 17:06 53.5 06:42 00.0 07.6 00.00 01.4 13.8 11:59 NE
05 74.5 091.9 14:36 55.5 06:31 00.0 09.5 00.00 01.7 17.3 14:53 ENE
06 76.6 091.5 15:19 60.7 06:06 00.0 11.7 00.00 02.3 20.7 14:14 ENE
07 81.0 093.9 16:13 63.3 06:29 00.0 16.0 00.00 03.6 21.9 22:37 ENE
08 80.8 093.1 16:15 65.5 00:00 00.0 15.9 00.00 04.3 19.6 00:28 ENE
09 76.5 095.0 15:56 55.5 06:45 00.0 11.6 00.00 01.2 11.5 13:51 NE
10 78.2 098.7 15:39 56.6 06:15 00.0 13.2 00.00 01.0 11.5 16:00 ESE
11 79.0 097.1 16:47 55.7 05:49 00.0 14.1 00.00 02.1 16.1 18:05 ENE
12 75.1 085.3 14:55 63.3 06:24 00.0 10.1 00.00 07.8 29.9 14:44 E
13 67.8 079.4 14:56 53.8 06:54 00.0 02.9 00.00 06.8 24.1 19:56 SSE
14 68.4 083.4 15:27 51.1 05:48 00.0 03.4 00.00 03.4 18.4 00:15 SE
15 70.3 090.8 14:57 49.2 06:28 00.0 05.4 00.00 00.9 12.7 15:21 NE
16 73.7 086.4 17:06 59.9 05:15 00.0 08.8 00.00 01.7 12.7 22:24 ENE
17 65.9 076.1 15:01 54.2 00:00 00.0 01.0 00.00 04.0 19.6 01:33 ENE
18 66.0 083.8 16:18 45.0 06:17 00.0 01.1 00.00 01.4 14.9 12:08 NE
19 66.8 081.6 12:29 51.6 05:03 00.0 01.8 00.00 05.2 28.8 18:05 ENE
20 65.6 079.0 16:41 51.3 06:11 00.0 00.7 00.00 03.7 19.6 16:36 ENE
21 72.8 090.8 15:25 53.5 06:15 00.0 07.9 00.00 01.7 11.5 18:57 E
22 77.2 096.7 14:54 54.7 06:02 00.0 12.2 00.00 01.5 12.7 15:29 ENE
23 77.8 096.8 15:49 56.1 05:21 00.0 12.9 00.00 01.3 11.5 18:15 ENE
24 79.8 098.3 16:22 59.0 05:49 00.0 14.8 00.00 01.4 14.9 14:16 ENE
25 81.4 099.6 16:33 61.0 06:04 00.0 16.4 00.00 01.4 12.7 14:54 NE
26 80.4 095.9 14:56 61.8 05:55 00.0 15.4 00.00 02.0 14.9 16:20 ENE
27 83.9 099.5 15:34 64.5 06:15 00.0 19.0 00.00 01.6 12.7 16:53 ENE
28 82.8 097.7 15:22 64.9 06:11 00.0 17.9 00.00 02.6 20.7 16:14 ENE
29 79.2 092.5 15:11 62.4 06:17 00.0 14.3 00.00 04.3 23.0 17:13 ENE
30 74.7 084.1 14:49 62.7 05:28 00.0 09.8 00.00 04.7 19.6 18:03 ENE
--------------------------------------------------------------------------------------------------------
75.0 (73.9) 99.6 day 25 45.0 day 18 000.0 301.7 00.00 02.7 29.9 day 12 ENE
Max >= 86: 22
Min <= 86: 30
Max Rain: 0.00 ON 0-04-18
Days of Rain: 0 (> .008in) 0 (> .08in) 0 (> 0.8in)
Return to Previous Page