Monthly Climatological Summary for
NAME: Cactus Wren CITY: Phoenix STATE: Arizona
ELEV: 1227 LAT: 033:57:21 LONG: 0112:13:60
TEMPERATURE ( °F), RAIN (in.), WIND SPEED (mph)
HEAT COOL AVG
MEAN DEG DEG WIND DOM
DAY TEMP HIGH TIME LOW TIME DAYS DAYS RAIN SPEED HIGH TIME DIR
--------------------------------------------------------------------------------------------------------
01 52.9 071.7 16:07 35.6 06:50 12.0 00.0 00.00 00.9 10.3 14:27 W
02 56.9 076.5 15:17 38.0 07:05 08.1 00.0 00.00 00.8 11.5 13:45 NE
03 59.2 076.1 15:32 40.4 05:41 05.7 00.0 00.00 01.7 14.9 23:31 ENE
04 57.5 067.6 15:37 45.3 00:00 07.5 00.0 00.00 03.8 19.6 14:02 ENE
05 57.0 074.7 15:38 41.5 06:02 07.9 00.0 00.00 01.8 18.4 11:58 S
06 60.9 081.4 16:25 42.3 06:35 04.0 00.0 00.00 01.2 11.5 07:45 S
07 61.6 078.7 15:26 41.5 07:04 03.3 00.0 00.00 00.4 05.8 15:40 ESE
08 64.0 081.4 15:33 48.9 07:32 00.9 00.0 00.00 01.0 11.5 15:49 ENE
09 65.3 083.8 15:09 45.2 07:42 00.0 00.4 00.00 01.4 12.7 16:46 ENE
10 64.4 074.5 13:52 57.7 06:57 00.5 00.0 00.02 01.1 17.3 15:15 NE
11 65.0 076.7 17:06 57.2 07:33 00.0 00.1 00.01 01.2 11.5 13:16 SSE
12 68.7 083.9 15:45 54.1 07:11 00.0 03.8 00.00 02.0 16.1 11:20 W
13 68.7 082.3 14:07 55.3 07:22 00.0 03.7 00.00 00.8 12.7 11:56 SSE
14 69.6 084.5 14:51 52.2 06:46 00.0 04.7 00.00 03.5 20.7 15:53 ENE
15 61.4 071.7 15:24 50.9 07:06 03.5 00.0 00.00 05.4 24.1 14:28 ENE
16 60.4 074.0 13:49 44.4 07:06 04.5 00.0 00.00 01.6 13.8 14:47 NNE
17 60.4 071.5 14:46 47.2 06:58 04.5 00.0 00.00 02.5 19.6 13:53 ENE
18 58.6 068.0 16:21 49.5 00:00 06.4 00.0 00.00 04.2 16.1 13:34 ENE
19 59.2 075.4 17:07 43.1 06:14 05.8 00.0 00.00 01.0 11.5 13:51 ESE
20 61.9 081.1 15:17 41.1 07:05 03.0 00.0 00.00 00.8 11.5 14:19 NE
21 66.2 084.7 16:28 47.4 06:21 00.0 01.3 00.00 00.8 10.3 15:26 ENE
22 72.2 087.9 14:28 55.0 07:04 00.0 07.2 00.00 01.4 16.1 16:13 E
23 73.5 084.5 15:45 59.6 00:00 00.0 08.6 00.00 03.5 19.6 16:26 E
24 67.2 080.3 15:35 51.2 06:45 00.0 02.3 00.00 02.6 23.0 15:59 NE
25 64.5 076.9 14:57 47.1 06:47 00.4 00.0 00.00 02.5 17.3 14:13 ENE
26 61.3 074.3 15:30 46.0 06:45 03.6 00.0 00.00 02.5 20.7 16:09 ENE
27 61.8 076.3 16:29 45.9 05:59 03.2 00.0 00.00 02.3 17.3 16:44 NE
28 63.4 080.3 16:00 43.7 06:42 01.5 00.0 00.00 01.9 14.9 16:37 ENE
29 69.1 087.5 15:58 48.6 06:33 00.0 04.2 00.00 01.7 13.8 17:18 NE
30 72.5 091.6 16:26 52.6 06:58 00.0 07.6 00.00 01.4 14.9 16:34 ENE
31 73.8 092.6 15:54 54.2 06:50 00.0 08.9 00.00 01.4 13.8 15:02 ENE
--------------------------------------------------------------------------------------------------------
63.9 (63.5) 92.6 day 31 35.6 day 01 086.5 052.7 00.03 01.9 24.2 day 15 ENE
Max >= 86: 4
Min <= 86: 31
Max Rain: 0.02 ON 10-03-18
Days of Rain: 2 (> .008in) 0 (> .08in) 0 (> 0.8in)
Return to Previous Page