Monthly Climatological Summary for February 2018
NAME: Cactus Wren CITY: Phoenix STATE: Arizona
ELEV: 1227 LAT: 033:57:21 LONG: 0112:13:60
TEMPERATURE ( °F), RAIN (in.), WIND SPEED (mph)
HEAT COOL AVG
MEAN DEG DEG WIND DOM
DAY TEMP HIGH TIME LOW TIME DAYS DAYS RAIN SPEED HIGH TIME DIR
--------------------------------------------------------------------------------------------------------
17 58.2 070.5 15:21 43.6 07:31 06.7 00.0 00.00 00.7 08.1 15:53 ESE
18 58.7 073.9 16:09 43.3 07:14 06.2 00.0 00.00 01.3 12.7 17:18 ENE
19 56.6 064.4 13:19 38.6 23:58 08.3 00.0 00.00 05.5 26.4 13:31 E
20 45.9 060.8 15:33 31.7 07:39 19.1 00.0 00.00 01.1 12.7 15:37 ESE
21 46.7 062.0 15:20 29.6 07:27 18.3 00.0 00.00 01.3 13.8 14:37 E
22 47.3 062.0 15:58 31.0 07:29 17.6 00.0 00.00 01.7 16.1 15:16 ENE
23 47.9 060.3 14:47 34.4 07:01 17.0 00.0 00.00 03.8 21.9 15:21 E
24 46.8 060.5 16:23 34.8 07:24 18.1 00.0 00.00 01.6 11.5 15:08 ESE
25 48.2 066.1 14:58 31.0 07:21 16.7 00.0 00.00 00.7 10.3 15:00 ESE
26 50.3 069.0 16:04 30.9 07:23 14.7 00.0 00.00 00.9 11.5 15:38 ENE
27 51.8 068.9 14:10 37.5 07:30 13.2 00.0 00.20 02.8 19.6 16:48 ENE
28 49.5 061.8 16:10 39.7 05:25 15.5 00.0 00.00 01.6 14.9 12:12 E
--------------------------------------------------------------------------------------------------------
50.7 (50.3) 73.9 day 18 29.6 day 21 171.5 000.0 00.50 01.9 26.5 day 19 E
Min <= 86: 12
Max Rain: 0.20 ON 27-02-18
Days of Rain: 1 (> .008in) 1 (> .08in) 0 (> 0.8in)
Return to Previous Page