Monthly Climatological Summary for January 2018
NAME: Cactus Wren CITY: Phoenix STATE: Arizona
ELEV: 1227 LAT: 033:57:21 LONG: 0112:13:60
TEMPERATURE ( °F), RAIN (in.), WIND SPEED (mph)
HEAT COOL AVG
MEAN DEG DEG WIND DOM
DAY TEMP HIGH TIME LOW TIME DAYS DAYS RAIN SPEED HIGH TIME DIR
--------------------------------------------------------------------------------------------------------
15 55.0 067.6 17:02 49.0 00:00 10.0 00.0 03.30 00.0 08.1 17:02 NE
16 59.0 074.2 13:36 46.5 07:39 06.0 00.0 00.00 01.4 13.8 15:06 NW
17 56.1 072.7 16:14 41.5 06:56 08.9 00.0 00.00 00.5 06.9 15:04 WSW
19 56.5 075.1 15:26 40.1 07:59 08.4 00.0 00.00 00.6 08.1 15:49 WNW
20 52.7 059.5 16:22 43.4 00:00 12.2 00.0 00.00 03.3 20.7 19:32 ENE
21 46.5 059.2 16:18 34.9 05:39 18.4 00.0 00.00 01.4 11.5 15:27 ESE
22 45.1 063.0 16:13 32.2 05:51 19.9 00.0 00.00 00.5 06.9 16:58 SE
23 51.9 072.5 16:10 32.0 07:32 13.0 00.0 00.00 01.2 10.3 20:40 S
24 56.3 076.6 15:57 35.9 06:43 08.6 00.0 00.00 02.4 18.4 11:16 W
25 54.9 075.7 14:34 36.8 07:36 10.1 00.0 00.00 01.6 12.7 16:38 N
26 53.9 069.5 15:12 38.2 07:09 11.0 00.0 00.00 00.9 12.7 13:59 E
27 56.0 074.8 16:14 40.0 04:54 08.9 00.0 00.00 01.0 08.1 00:28 S
28 61.5 083.0 16:43 41.2 05:19 03.5 00.0 00.00 01.5 12.7 13:04 SSW
29 66.1 083.4 15:50 49.3 07:51 00.0 01.2 00.00 03.7 20.7 12:56 WSW
30 61.7 083.4 15:59 45.0 07:05 03.2 00.0 00.00 00.9 11.5 14:10 W
31 59.6 080.6 16:15 42.2 07:56 05.4 00.0 00.00 00.5 08.1 15:42 SE
--------------------------------------------------------------------------------------------------------
55.8 (56.8) 83.4 day 30 32.0 day 23 147.5 001.2 00.02 01.3 20.7 day 29 SSW
Min <= 86: 16
Max Rain: 3.30 ON 15-01-18
Days of Rain: 1 (> .008in) 1 (> .08in) 1 (> 0.8in)
Return to Previous Page