>

                            MONTHLY CLIMATOLOGICAL SUMMARY for MAR. 2023

NAME: Cactus Wren   CITY: Phoenix STATE: Arizona
ELEV: 1227 LAT: 033:57:21 LONG: 0112:13:60

                            TEMPERATURE ( F), RAIN (in.), WIND SPEED (mph)

                                               HEAT     COOL           AVG
      MEAN                                     DEG      DEG            WIND                       DOM
DAY   TEMP    HIGH   TIME     LOW    TIME      DAYS     DAYS    RAIN   SPEED    HIGH    TIME      DIR
--------------------------------------------------------------------------------------------------------
01    50.2   062.7   14:31    39.6   00:00     14.7     00.0   00.74   04.5     27.6    15:07     NNE
02    44.9   056.2   16:12    37.8   05:36     20.0     00.0   00.00   01.0     13.8    02:17      NE
03    50.0   064.0   15:23    36.3   06:46     14.9     00.0   00.00   00.3     11.5    15:53      S 
04    52.6   070.0   16:02    37.4   07:07     12.4     00.0   00.00   01.0     11.5    16:11     NNE
05    55.9   072.0   15:43    39.3   07:26     09.1     00.0   00.00   01.1     12.7    11:34     NNE
06    58.8   074.3   15:39    46.9   07:30     06.2     00.0   00.00   00.6     11.5    16:22     NNE
07    59.9   074.3   15:42    48.0   23:24     05.0     00.0   00.00   00.5     11.5    12:48     ENE
08    57.9   076.9   15:35    41.1   06:38     07.0     00.0   00.00   00.8     12.7    15:38      E 
09    57.6   076.3   15:23    41.1   07:18     07.4     00.0   00.00   00.3     08.1    16:12      E 
10    62.9   080.2   15:03    44.7   05:28     02.1     00.0   00.00   00.8     11.5    15:07     ENE
11    68.0   078.0   16:37    57.5   07:29     00.0     03.0   00.00   02.3     20.7    18:13     ENE
12    65.3   081.4   16:01    49.9   07:17     00.0     00.4   00.00   01.6     20.7    14:39      E 
13    63.8   080.2   15:27    50.2   05:27     01.1     00.0   00.00   01.2     20.7    16:16     ENE
14    64.9   082.0   14:38    47.4   07:02     00.0     00.0   00.00   01.8     14.9    15:06     ENE
15    59.9   064.6   00:01    52.0   00:00     05.0     00.0   00.41   01.4     18.4    23:08     SSW
16    57.2   070.8   13:34    47.1   05:41     07.7     00.0   00.01   00.7     19.6    15:18      SE
17    58.6   073.8   15:10    44.8   06:50     06.3     00.0   00.00   01.3     13.8    15:32     ESE
18    60.2   073.9   14:37    41.5   07:17     04.8     00.0   00.00   03.1     20.7    12:42      W 
19    63.4   071.3   15:29    57.0   06:51     01.5     00.0   00.00   04.0     19.6    13:13     WNW
20    62.5   072.2   13:33    51.4   04:46     02.4     00.0   00.00   01.5     14.9    15:36     ENE
21    60.7   063.9   00:02    57.8   22:23     04.2     00.0   00.04   01.3     14.9    09:28     NNW
22    56.7   065.2   16:02    45.8   00:00     08.2     00.0   00.14   02.2     21.9    06:00      NE
23    56.2   069.7   14:36    42.0   07:02     08.7     00.0   00.00   01.7     19.6    15:33      NE
24    57.9   069.7   15:19    47.9   07:24     07.1     00.0   00.02   02.6     19.6    14:02      E 
25    56.4   071.0   15:42    40.0   06:45     08.5     00.0   00.00   01.3     18.4    15:17      E 
26    57.3   069.6   14:43    41.4   07:02     07.7     00.0   00.00   01.3     19.6    16:36     ENE
27    59.0   075.1   15:15    43.4   02:49     05.9     00.0   00.00   01.8     14.9    08:08      S 
28    62.7   081.5   16:03    45.9   07:08     02.3     00.0   00.00   00.9     12.7    12:40     NNW
29    63.2   082.2   14:36    42.7   07:05     01.8     00.0   00.00   01.2     14.9    15:25      NE
30    59.3   066.5   13:14    50.0   00:00     05.6     00.0   00.00   04.1     23.0    17:17     ENE
31    56.4   072.4   15:31    39.5   05:37     08.5     00.0   00.00   00.6     10.3    14:05     WSW
--------------------------------------------------------------------------------------------------------
58.7 (58.9)   82.2  day 29     36.3  day 03   196.3    003.4   01.35   01.6     27.6   day 01     ENE
Min <=  86: 31
Max Rain: 0.74 ON 1-03-23
Days of Rain: 6 (> .008in) 3 (> .08in) 0 (> 0.8in)

Return to Previous Page