>

                            MONTHLY CLIMATOLOGICAL SUMMARY for NOV. 2022

NAME: Cactus Wren   CITY: Phoenix STATE: Arizona
ELEV: 1227 LAT: 033:57:21 LONG: 0112:13:60

                            TEMPERATURE ( F), RAIN (in.), WIND SPEED (mph)

                                               HEAT     COOL           AVG
      MEAN                                     DEG      DEG            WIND                       DOM
DAY   TEMP    HIGH   TIME     LOW    TIME      DAYS     DAYS    RAIN   SPEED    HIGH    TIME      DIR
--------------------------------------------------------------------------------------------------------
01    63.7   080.8   16:10    52.7   01:14     01.2     00.0   00.00   00.6     10.3    11:10     WNW
02    67.1   078.4   15:31    54.0   02:44     00.0     02.1   00.00   03.3     20.7    16:35      N 
03    55.1   065.6   00:35    43.1   00:00     09.8     00.0   00.10   03.8     25.3    13:22     ENE
04    50.8   066.0   15:41    38.8   07:05     14.2     00.0   00.00   00.5     10.3    15:09     ENE
05    53.4   070.3   14:05    40.9   06:45     11.5     00.0   00.00   00.4     09.2    14:47     ENE
06    59.2   079.8   16:17    41.3   07:09     05.8     00.0   00.00   00.5     10.3    13:23      NE
07    61.2   081.6   14:26    45.3   06:11     03.8     00.0   00.00   00.3     09.2    12:05     NNE
08    63.0   079.7   16:25    45.8   07:02     01.9     00.0   00.00   01.6     14.9    14:06      N 
09    57.4   069.7   10:12    51.0   04:21     07.5     00.0   00.10   02.6     16.1    13:05      N 
10    56.1   070.4   15:06    42.6   06:37     08.8     00.0   00.00   00.8     11.5    16:25      NW
11    54.1   070.2   15:42    39.5   06:44     10.9     00.0   00.00   00.5     08.1    16:15      N 
12    55.2   075.1   16:05    37.7   07:21     09.8     00.0   00.00   00.5     09.2    14:22      N 
13    53.4   069.1   13:28    38.1   06:21     11.5     00.0   00.00   02.0     19.6    17:04     ENE
14    52.3   068.1   15:33    37.8   07:17     12.6     00.0   00.00   00.6     11.5    00:15     SSW
15    53.4   073.1   15:18    35.1   07:14     11.6     00.0   00.00   00.8     11.5    22:36     WSW
16    57.3   071.3   15:22    44.5   07:27     07.6     00.0   00.00   03.4     21.9    12:47     SSW
17    55.4   074.2   16:15    41.0   06:39     09.5     00.0   00.00   00.6     10.3    08:31      SW
18    55.2   072.7   13:34    39.6   07:35     09.8     00.0   00.00   00.3     08.1    13:06      SW
19    57.3   076.6   15:31    38.9   07:21     07.7     00.0   00.00   00.7     10.3    11:43      SW
20    56.4   074.3   15:28    42.3   07:09     08.6     00.0   00.00   00.8     11.5    10:23     WSW
21    56.2   075.0   15:17    40.2   07:26     08.8     00.0   00.00   00.5     09.2    13:47      W 
22    56.9   077.4   16:02    40.7   06:44     08.0     00.0   00.00   00.4     09.2    14:06      W 
23    54.7   074.1   15:02    38.2   07:26     10.2     00.0   00.00   00.9     10.3    16:02     WNW
24    58.6   072.0   14:43    46.3   00:39     06.3     00.0   00.00   04.3     20.7    11:33     SSW
--------------------------------------------------------------------------------------------------------
56.8 (57.9)   81.6  day 07     35.1  day 15   197.4    002.1   00.20   01.3     25.3   day 03      NW
Min <=  86: 24
Max Rain: 0.10 ON 3-11-22
Days of Rain: 2 (> .008in) 2 (> .08in) 0 (> 0.8in)

Return to Previous Page