>

                            MONTHLY CLIMATOLOGICAL SUMMARY for AUG. 2022

NAME: Cactus Wren   CITY: Phoenix STATE: Arizona
ELEV: 1227 LAT: 033:57:21 LONG: 0112:13:60

                            TEMPERATURE ( F), RAIN (in.), WIND SPEED (mph)

                                               HEAT     COOL           AVG
      MEAN                                     DEG      DEG            WIND                       DOM
DAY   TEMP    HIGH   TIME     LOW    TIME      DAYS     DAYS    RAIN   SPEED    HIGH    TIME      DIR
--------------------------------------------------------------------------------------------------------
04    82.9   094.0   15:10    72.3   06:05     00.0     18.0   01.82   02.0     26.4    04:11     NNE
05    89.1   103.4   15:37    73.4   06:04     00.0     24.1   00.00   00.8     11.5    15:18     ENE
06    94.0   109.3   14:45    77.4   06:13     00.0     29.1   00.00   00.8     11.5    19:25     ENE
07    93.7   103.7   15:06    85.0   06:17     00.0     28.8   00.00   03.0     26.4    19:11     SSE
08    93.4   103.6   15:14    82.9   04:23     00.0     28.4   00.00   02.2     13.8    19:15      N 
09    86.5   099.2   15:33    74.1   05:25     00.0     21.5   00.10   01.9     32.2    01:32      W 
10    90.6   102.4   15:46    82.3   00:49     00.0     25.7   00.00   03.1     24.1    18:05      NE
11    93.4   105.2   16:09    80.7   04:41     00.0     28.5   00.00   01.3     12.7    02:18     NNW
12    89.3   103.9   13:02    79.5   16:19     00.0     24.4   00.00   03.3     33.4    15:44      NW
13    91.2   104.9   16:09    78.0   03:27     00.0     26.2   00.00   01.6     25.3    23:11     ESE
--------------------------------------------------------------------------------------------------------
90.4 (90.8)   109.3  day 06     72.3  day 04   000.0    254.6   01.92   02.0     33.4   day 09     NNE
Max >=  86: 10
Min <=  86: 10
Max Rain: 1.82 ON 4-08-22
Days of Rain: 2 (> .008in) 2 (> .08in) 1 (> 0.8in)

Return to Previous Page